)?
-7
What is the value of (4 - (22 - 1)) + 17 + -41?
-41
What is (-51 + -12 - -30) + 10 + -4 + -22?
-49
7 - (-12 - (0 + -10 + -7 - -9))
11
Calculate 949 + -960 - (-6 + 2 + -74 + -3).
70
Calculate 11 - (85 + (16 - 2 - 19) + -12).
-57
0 + 7 - 3 - (144 + (-62 - 19))
-59
What is -71 + 57 - -46 - (-2 - -17)?
17
Calculate -3 + -58 + (554 - 513).
-20
Calculate 30 + (-47 - -4 - 22).
-35
3 + (9 - 5) + 6 - (-2 - 4)
19
What is the value of -5 + 21 + -24 + (3 - 3 - 39)?
-47
(-45 - (-1 + 1)) + (-21 + 27 - -1)
-38
What is 3 - (-3 + 2 + -3) - (-156 - -170)?
-7
Evaluate 1 + 4 + 1 + -2 - (56 + -5).
-47
Calculate 6211 - 6243 - (0 - 5 - -2).
-29
74 + 9 + 1 + 6 + 1 + (66 - 95)
62
What is the value of -16 + 16 - 4 - -81 - 14 - 11?
52
What is the value of -1104 + 1115 - (4 + -36 + -1 + (-6 - -3))?
47
What is (-3 + 5 - 9) + (-119 - -91)?
-35
What is 6 + -79 - -48 - (-4 + 0)?
-21
What is the value of (-27 - (49 + 71 + -32)) + 36?
-79
Calculate -16 - -3 - (-17 + 43 + -37).
-2
Calculate (3839 - 3966) + (0 - 3) + 36.
-94
9 + (21 - 46 - 5) + 16 - (78 - -1)
-84
86 - (67 + -86 + 78)
27
What is -53 - (-7 + -14 - -28)?
-60
-7 + 16 - (-35 + 12 + -12 + -8)
52
Evaluate 24 + -2 - (-79 + (80 - -59)).
-38
What is 51 + (-13 + 4 - -17) - (-2 - -13 - 3)?
51
What is -20 + 25 + -10 + -23 + (2 - -1 - -2)?
-23
Calculate -59 - (-74 - (62 - 122)).
-45
What is the value of (-12 - -2) + -365 + 264 + 9 + 1?
-101
-19 - (-13 - (-14 + (-3 - 22)))
-45
What is the value of 0 + 6 + (-412 + 394 - (-31 + -1))?
20
What is the value of 55 - ((1 - 4) + 4) - (189 + -188)?
53
What is -1 - (2 + -10) - (16 + -5 + (-12 - -10))?
-2
Calculate 25117 + -25249 + (13 - -1).
-118
What is the value of 17 - (-33 + -85 + 100)?
35
What is 20 - (-137 + (131 - -160))?
-134
What is the value of (13 - 1 - ((23 + -21 - -14) + -13)) + 15?
24
What is 3 - (-1 - -3) - (738 - 710 - (30 - 1))?
2
What is the value of (86 - -24 - 195) + 21?
-64
What is the value of -35 + 41 + -45 + 15 + (0 - 19)?
-43
What is -14 - -24 - (1 - 28 - -31 - (80 + 1))?
87
What is the value of -12 + 18 + 11 - -3 - 53?
-33
Calculate -18 + 13 - -2 - (-12 - 37).
46
-3 + (-11 - -6) + -7 + (32 - 36)
-19
Calculate 20 + -103 + 32 + 38.
-13
What is the value of -46 - (-17 - 9) - (2 - 6)?
-16
Calculate (-4 - 20 - (-77 - -52)) + -64.
-63
Calculate 19 - (-125 + (48 - -195)).
-99
-2 + 1 + (2 - (4 - 4) - (2 + 28))
-29
What is 33 + 5 + -16 - 0 - 76?
-54
Calculate -10 + -98 + 9 + 53.
-46
Calculate 1 + 19 + (23 - 74).
-31
Evaluate -30 + (134 - 5) + -48.
51
Evaluate -76 - -60 - (-13 + -42 + 7) - -18.
50
What is the value of (-195 - (-163 - -107)) + 245?
106
-71 - (108 - 123) - 28
-84
What is the value of 6 - (13 + -1 + -8 + -4 + -11)?
17
-11 - -1 - ((-7 - (-22 - -24)) + 0 - 56)
55
What is the value of -1 - (27 - 40 - (1 + (21 - 7)))?
27
-28 + -13 + -9 + 30
-20
Evaluate 46 - (0 + -4 + -1 - (23 - (72 - 32))).
34
Evaluate 2 + 15 + -1 - (13 + -179 - -217).
-35
-10 + (18 - (63 - (-19 - -21))) - -17
-36
What is the value of (29 - 4) + -21 + -5 + 25?
24
What is (1 - 1) + (34 - -1) + 3 + -10 + -2?
26
Evaluate (-75 + -93 - -156) + (9 - 1).
-4
-8 - (-42 + 17) - ((-2 - -5 - -10) + -2)
6
-25 - (9 - 15) - (24 - (13 + 2))
-28
What is the value of -2 - (-1 + (0 - -4) - ((-4 - -22) + -24))?
-11
(-210 - -163) + 48 + 1 + -1 + (0 - -29)
30
Calculate (-103 - -1) + -2060 + 2217.
55
Evaluate 90 - (20 - -17) - 15.
38
Evaluate 5 + -5 + (-26 + -12 - -64).
26
What is 12 + (29 + -36 - -12) - 17?
0
Calculate (-67 - -33) + (-21 - -29) + -13.
-39
What is the value of 70 - (-21 + (-10 - -23) + (-1 - (-1 - -1)))?
79
Evaluate (52 - 1) + (13 - ((0 - -6) + 50 + -42)).
50
Calculate 0 + -10 + (-6 - -16) + (-14 - -32).
18
What is (1 - 22) + -154 + 310 + -189?
-54
Evaluate 3 - ((-17 + -19 - -9) + 125).
-95
What is (10 - (-26 - (6 - 30))) + -8?
4
What is -121 + (91 + -33 - 41 - 10)?
-114
Calculate -819 - -781 - (6 - -7 - 2).
-49
Evaluate 16 + 7 + (9 - 20) - (5 + 45).
-38
Calculate -2 + 50 - (-29 - (-59 + 63) - (2 + -22)).
61
Calculate -8 - -3 - ((17 - 3) + -13) - 32.
-38
What is the value of 1 - 133 - (131 + -78 - 108 - -48)?
-125
Evaluate -90 + (179 - (166 + -30)).
-47
Evaluate 7 + 3 + (2 - -1).
13
What is -11 + (-6 + 2 + 7 + 1 - 10)?
-17
What is the value of 3 + (-36 + 10 - -3) - 7 - -4 - -5?
-18
Calculate -46 + (-735 + 777 - (113 + -2)).
-115
Calculate (-21 + -1 + 75 - -13) + -10.
56
-83 + (50 - -21) + -57
-69
Calculate 26 + 12 + (-20 - -6 - 0).
24
Evaluate (-46 - (-51 + 30)) + -29 - 2.
-56
Evaluate 14 + 144 + -36 + -191.
-69
What is the value of -6 + 9 - 17 - (26 + -104)?
64
What is the value of (-23 - ((203 - 178) + (29 - -3))) + 1?
-79
-4 - ((-47 - -10 - -16) + 49)
-32
(12 - 16) + (2 - (30 + 4 + (-5 - 3)))
-28
-6 + (-32 - -62 - 34 - (-7 - -3))
-6
Evaluate -8 + 21 + -7 + 20 + -20 + 80.
86
Calculate (3 - (-20 - -21)) + -29 - -17.
-10
Evaluate (30 - (-4 + 1)) + 3 + 46 + -41.
41
Evaluate -4 + (-8 - 3) + -6 + 17 + -10 + 7.
-7
(-235 - -237) + -2 + -37
-37
What is 51 - (-5 + (32 - -8)) - 100?
-84
-5 + (21 - 13) + -20 - 3
-20
Evaluate 13 - (55 + -48 + 31).
-25
Evaluate -75 - -69 - (7 - -1) - 4.
-18
What is 2 + -2 + -170 + 176 + -17?
-11
What is the value of 91 + -3 + (-4 - -58) + -87?
55
Evaluate 45 + 1 + -52 + 13 + 30.
37
Evaluate (3 - -75) + 1 - (216 + -225).
88
56 + (-8 - 80) + 18
-14
(-7 - -3 - -2) + 40 + (-5 - 14)
19
Calculate -53 - (46 + -141) - 51.
-9
What is 8 + (-125 - -101 - (-67 + 1)) + (2 - 6)?
46
What is -41 + 22 + -52 + 44?
-27
Evaluate -3252 - -3224 - (-121 + -2).
95
What is the value of (-13 - 12) + 0 + 30 + -22 + -8?
-25
(6 - 1) + -42 + (-39 - -81) - (-5 + 9)
1
Evaluate 23 + -17 + (10 - (-8 - -33)).
-9
Calculate (13 - 13 - -4) + -17 - 18.
-31
0 - 1 - (-2 + -3) - (26 - (-4 + -14))
-40
What is the value of -5 - (10 - -53) - -65?
-3
Evaluate (16 - 6) + -1 + (-2 - (-9 + (6 - -96))).
-86
Evaluate -16 + -25 + -4 + 165 + -52.
68
14 + -1 + (54 - -10) + -30
47
42 + -66 - -79 - 52
3
0 + 7 + -27 + (1 + -6 - (19 + -26))
-18
Evaluate (8 - -4) + (-2 + -2 - (-8 - (99 + -11))).
104
What is 32 + ((-12 - -11) + -3 - 8) + 4 + 20?
44
-33 + (50 + -51 - -23)
-11
What is the value of -29 + 6 + 11 + (-2 - -5) + -13?
-22
-10 - (19 + (-51 - -10)) - 48
-36
What is -3 - (72 - 53) - (-19 + -2)?
-1
What is -28 + (6 + (-1 - 7) - (-2 - 10 - -6))?
-24
Calculate 48 - ((0 - 0) + 2) - (589 + -580).
37
Calculate 90 - ((-57 - -76) + 26).
45
Evaluate -72 + 49 + -1 - -27.
3
(66 - 37) + (25 - 0)
54
Evaluate (136 - -18) + -79 - (25 - 1).
51
What is -90 + 95 + -13 + -1 + 24 + 1?
16
2 + -22 + (-7 - -25) + -11
-13
What is the value of -9 - -5 - -51 - ((-13 - 0) + 33 + -14)?
41
Evaluate -3 + -45 + (-22 - (20 - (90 - 35))).
-35
Evaluate 8 + (17 - 21 - -3) + 9.
16
What is the value of (10 - (54 + -44)) + (-4 + 3 - -62)?
61
What is the value of 88 + -55 + (-52 - -127)?
108
Evaluate -10 - (71 - 35 - 37 - (2 + -40)).
-47
(4 + -3 - (20 - 10) - (7 + -7)) + 0
-9
-97 + (-5 - (-1 + -5 + -267 + 270))
-99
What is the value of 53 + 15 - 89 - (-68 - 0)?
47
-10175 + 10171 + (0 - -95)
91
Evaluate (-12627 - -12612) + (-3 + 0 - -1) + 8.
-9
Calculate 8 - (7 + -9) - (-10 - (12 + -17)).
15
Evaluate 13 + (12 - (16 + 7)) - 39.
-37
What is the value of 56 + (96 - 41) + -58 + 0 + -5?
48
10 - (37 - (33 + -5))
1
What is (1 + -13 - (5 - (2 + 14))) + -10 - 44?
-55
(485 + -480 + (0 - -7) - -105) + -22
95
Calculate -3 + (-4 - -5 - -3) + (16 - 0 - 18).
-1
What is the value of 142 + -128 + -14 + 45 + (-6 + 2 - -5)?
46
What is the value of 49 - -16 - 6 - 66?
-7
(21 - 154 - -86) + (1 - 6)
-52
What is the value of 539 + -534 + (13 - 1) - 61?
-44
What is the value of -4 + (56 - 41) + (-1 + 22 - 4)?
28
What is (8 - (-69 + -3 + -11 + (-1 - -8))) + -7?
77
What is the value of 18 + -2 - (4 + 56)?
-44
What is (10 - 2) + 3 - (388 + -406 - (95 - 1))?
123
What is (30 - (-13 - (-102 - -36))) + 41?
18
Calculate 22 + 12 - (5 - 56) - 39.
46
Calculate 10 + (7 - 9 - ((6 - 5) + 3)) + 12.
16
Evaluate (0 + -8 + 6 + 5 - 3) + (108 - 74).
34
(-26 + 20 - (-2 - 2) - 12) + 20 + -9
-3
What is the value of 12 - (-10 + 4 + 10) - -3 - 16 - -41?
36
Calculate -92 + (-42 - -29) + 4 + (2 - 2) + -1.
-102
What is the value of 3 + (4 - 48) - (-12 + 0)?
-29
(-22093 - -22027) + (-1 - -207)
140
What is the value of (-1 - (2 - 7)) + -331 + 421?
94
What is 7 + -1 + (168 - 173) - (18 + -2)?
-15
What is 35 + -32